 What are the prime factors of o?
2, 3, 13
Let i be 0*((-1)/1)/2. Let t be 6/(i + 3/(-3)). Let q = 14 + t. List the prime factors of q.
2
Let z(l) = -l**2 - 5*l + 2. Let v be z(-5). Suppose -114 = 3*y + v*u, 4*y + 0*y + 4*u = -156. What are the prime factors of (-20)/6*y/8?
3, 5
Let i = 184 - -77. What are the prime factors of i?
3, 29
Let w be (-6)/(-4)*(-20)/(-15). Suppose -m = -4*p + 3 - 15, 0 = -w*m - 2*p - 6. Suppose -3*u = -4*j - m*j - 39, -u = -3*j - 8. List the prime factors of u.
17
Suppose -4 = -4*g + 2*g. List the prime factors of -8*1*g/(-2).
2
What are the prime factors of ((-7002)/(-36))/(3/6)?
389
Suppose -l - 9 = -73. List the prime factors of l.
2
Suppose 0 = 4*x + x - 300. Let k = x + -37. What are the prime factors of k?
23
Let n(k) = 3*k. Let c be (-4)/(12/(-9)) + 0. What are the prime factors of n(c)?
3
Let s be ((-91)/14)/((-2)/4). Suppose 0 = 3*v + 4 - s. Suppose 0 = 2*p - 0*p - v*w - 11, -55 = -5*p + 2*w. List the prime factors of p.
13
Let q = 20 - 19. Suppose -5*h = q - 261. List the prime factors of h.
2, 13
Let p = 198 - 102. List the prime factors of p.
2, 3
Suppose 3*v = 3*t + 2*t + 27, -v - 4*t = 8. Suppose -v*g + 2*g = 0. Let r = 5 - g. List the prime factors of r.
5
Let m be 326/8 - 21/28. Suppose -5*a - m = -5*i + 70, 4*i - 133 = -5*a. List the prime factors of i.
3
Let t be (7 - 4) + (1 - 2). Suppose 0 = z - t. What are the prime factors of z?
2
List the prime factors of 1008/39 - 4/(-26).
2, 13
Let j = -50 + 81. What are the prime factors of j?
31
Let y(s) = -s**2 + 7*s + 10. Let a(v) be the third derivative of 2*v**5/15 + v**4/24 + v**3/6 - 2*v**2. Let n be a(-1). List the prime factors of y(n).
2
Let n = -1 + -2. What are the prime factors of 1/1*28 - n?
31
Let p = -18 - -52. What are the prime factors of p?
2, 17
Let s be 4/8*-2 + 6. Suppose -s*t + 135 = 20. What are the prime factors of t?
23
Let w be -3 + 0 + (-39)/(-3). List the prime factors of (-22)/55 + 84/w.
2
Let v = 7 + -3. Let u be 4/6 - (-8)/(-3). Let a = v - u. What are the prime factors of a?
2, 3
Let c be 176/6 - (-5)/(-15). Let v be 5/15 - c/(-3). Let w = 18 - v. What are the prime factors of w?
2
Suppose 136 = 2*u - 2. List the prime factors of u.
3, 23
Suppose 6*c - 10*c + 16 = 0, -3*c = -4*g + 268. List the prime factors of g.
2, 5, 7
Let b be 2 - (-16 + 3 + 2). Let g = -5 + b. List the prime factors of g.
2
Suppose -3*b + 766 = 94. What are the prime factors of b?
2, 7
Suppose 3*t = 10 - 1. Suppose -137 = -t*q - 2. What are the prime factors of q?
3, 5
Suppose -1 = -t + 14. Let q = t + -5. What are the prime factors of q?
2, 5
Let x(d) = d**3 + 10*d**2 + 6*d - 9. What are the prime factors of x(-8)?
71
Let s be ((-93)/(-3))/(3/(-6)). What are the prime factors of 1/((-10)/s)*5?
31
Let d = 73 - -22. List the prime factors of d.
5, 19
Let n(k) = 4*k - 5. What are the prime factors of n(16)?
59
Let y be 290/4*16/(-20). What are the prime factors of (-1)/(-5) - y/10?
2, 3
Suppose 2*c = 5*o + 57 + 54, 2*o - 90 = -2*c. List the prime factors of c.
2, 3
Let f = 11 + -5. Suppose -5*i - 5 = 0, 2*k - 4*i + f = 16. Suppose k*y = y - 2*z + 18, 0 = 5*y - 2*z - 10. What are the prime factors of y?
2
Let l = -9 + 5. Let x = l + 6. Suppose -3*s + 12 = x*g, 0*s + 2*g = -s + 8. List the prime factors of s.
2
Suppose -2*c = 2*c - 5*r - 2, -2*r + 13 = 3*c. Suppose j - c - 2 = 0. List the prime factors of j.
5
Let y = -1 - 4. Let t(o) = -o**3 - 6*o**2 - 4*o + 7. List the prime factors of t(y).
2
Let o be 31/4 + 6/(-8). Let q = -4 + o. List the prime factors of q.
3
Let d = 47 - 21. What are the prime factors of d?
2, 13
Let w(z) = -z**2 + 7*z - 3. Let q be w(6). Suppose q*t - 140 = -4*t. List the prime factors of t.
2, 5
Let b(i) = -5*i + 1. Let p be b(-3). Suppose p = w + 3*w. List the prime factors of w.
2
Suppose -28 = -5*s + 2*v, -4*s + 4*v + 28 = 8*v. Let n be s*1*(2 + -1). Suppose -2*a + n*a - 56 = 0. List the prime factors of a.
2, 7
Let b(m) = -m**3 + 10*m**2 + 8*m - 6. Let x(z) = 2*z**3 - 21*z**2 - 17*z + 13. Let r(o) = 9*b(o) + 4*x(o). List the prime factors of r(5).
43
Let p = -9 + 163. Suppose 16 = -c - 4*l + 65, -5*l - p = -4*c. List the prime factors of c.
41
Let r(z) = -3*z + 6. Let i(w) = 8*w - 19. Let u(d) = 2*i(d) + 7*r(d). Let n(h) = 4*h - 3. Let y(q) = -3*n(q) - 2*u(q). What are the prime factors of y(-3)?
7
Let c(t) = t**3 + 4*t**2 - 5*t + 3. Let a be c(-5). Suppose 5*k - 71 - 139 = 5*b, 166 = a*k + 5*b. List the prime factors of k.
47
Let a = -64 - -81. List the prime factors of a.
17
Let z(t) = -t**2 - 7*t - 1. Let p be z(-6). Let d(q) = 2*q**2. Let j be d(-2). Suppose -p*m = -17 - j. What are the prime factors of m?
5
Suppose 29 = 5*h - 41. Suppose -h = -5*c + 6. What are the prime factors of c?
2
Suppose 22*d - 19*d = 15. List the prime factors of d.
5
Suppose 0*r - 155 = -r. Suppose 5*b + 15 = r. List the prime factors of b.
2, 7
What are the prime factors of 33 + -5 - (6 + -3)?
5
Suppose 0 = 2*i + 1 - 9. Suppose 5*r - 14 = i*r. What are the prime factors of r?
2, 7
What are the prime factors of (-2069)/(-11) + (-10)/110?
2, 47
Suppose 4*m - 26 = -2. Suppose 0 = 11*l - m*l - 125. What are the prime factors of l?
5
Let j = -1 + 4. What are the prime factors of 3/2*56/j?
2, 7
Let w = 73 - -39. What are the prime factors of w?
2, 7
Suppose -12 = -f + 35. List the prime factors of f.
47
Let r(i) be the second derivative of 13*i**4/12 - i**3/3 - i**2/2 + 3*i. Let a be r(-2). Suppose 6*s - s - a = 0. What are the prime factors of s?
11
Let m = 11 - 9. Suppose -2*z - m = -2*y - 14, 2*z = 4*y + 20. What are the prime factors of z?
2
Suppose -2*w + 69 = -5*y, 4*w - 158 + 62 = -4*y. List the prime factors of w.
3
Suppose n = -0*a - 4*a + 5, 4*n + 12 = 0. What are the prime factors of a?
2
Suppose 5*r = 3*s + 6, -5*r + r = -s - 2. Suppose -3*v - 2 = -4*k, r*v + 5*k + 15 = -5*v. What are the prime factors of v/3*135/(-6)?
3, 5
Suppose 0 = -f - 4*k - 18 - 14, -1 = -2*f + 5*k. List the prime factors of f/10*140/(-8).
3, 7
Let u = -6 - -12. Let t = u + 4. List the prime factors of t.
2, 5
Let h(q) = q**3 + q**2 - 5*q - 3. Let i be h(4). Let u = i + -39. What are the prime factors of u?
2, 3
What are the prime factors of (-11)/(2 - (-36)/(-16))?
2, 11
What are the prime factors of (23 - -256)/(2/2)?
3, 31
Let y(j) = j + 2. Suppose -2 = 3*w - 5*w. Let r be (4/(-12))/(w/(-12)). List the prime factors of y(r).
2, 3
Suppose -3*u + 0*u + 5*q = -96, 2*u - 3*q = 65. What are the prime factors of u?
37
Let q = 4 + 12. Suppose q = -g + 3*g. Suppose g*d = 3*d + 40. What are the prime factors of d?
2
Let d be (-12)/(-20) - (-464)/10. Let q = -28 + d. What are the prime factors of q?
19
Let d(f) = -f**2 - 2*f - 1. Let s be d(-1). What are the prime factors of s - -6 - (-4 + 6)?
2
Suppose -3*b + 103 = -743. List the prime factors of b.
2, 3, 47
Suppose -5*y = 4*f - 127, -5*f - 4*y - y + 155 = 0. Suppose 7 + f = n. What are the prime factors of n?
5, 7
Suppose -7*l + 838 = -1948. List the prime factors of l.
2, 199
Let d(t) be the third derivative of t**5/60 + t**4/4 + t**3/6 + t**2. Let j be d(-8). Let f = j - 8. List the prime factors of f.
3
Let z(d) = 63*d. Let s be z(2). List the prime factors of s/4 - 18/36.
31
Let x(b) = 7*b**2 - 3*b. Let v be (-144)/(-78) - (-4)/26. What are the prime factors of x(v)?
2, 11
Suppose 0 = -2*m + 3*i + 103, -4*i - 27 = 2*m - 137. List the prime factors of m.
53
Let d(w) = w**2 - 8*w + 2. Let q be d(8). List the prime factors of (q/(-3))/(12/(-90)).
5
Let g(i) be the second derivative of -13*i**5/20 + i**3/6 + i**2/2 - i. List the prime factors of g(-1).
13
Suppose -19 = -x - 0*x. List the prime factors of x.
19
Let s = 41 + -17. Suppose 0 = -z + 5*z - s. What are the prime factors of z?
2, 3
List the prime factors of (-698)/(-18) + (-18)/(-81).
3, 13
Suppose -2*m + m + 11 = 0. Let i = -6 + m. What are the prime factors of i?
5
Let b(o) = o**3 + 3*o**2 + 2*o + 2. Let s be b(-2). Suppose -16 = -s*q - 0. List the prime factors of q.
2
List the prime factors of (19 - 19 - (1 - 0))*-265.
5, 53
Let d be -1*(-3 + 5) - 11. Let q = -7 - d. What are the prime factors of q?
2, 3
Suppose 0 = -2*z - 3*z + 10. Let w = 9 + z. What are the prime factors of w?
11
What are the prime factors of 1/(((-9)/(-28))/9)?
2, 7
Suppose 5*j - 238 